(-4). Let c(r) = -r**2 - 2*r - 7. Calculate c(u).
-22
Let h(z) be the first derivative of -z**4/12 + 2*z**3/3 - 3*z**2/2 + 4*z + 27. Let d(v) be the first derivative of h(v). Determine d(6).
-15
Let i(z) = 13*z**2 + 16*z. Let y(o) be the first derivative of -o**3 - 2*o**2 - 61. Let f(l) = -2*i(l) - 9*y(l). Calculate f(-5).
5
Let g(b) = 2*b**2 + 39*b - 66. Let y(k) = -k**2 - 18*k + 33. Let s(z) = -6*g(z) - 13*y(z). Give s(5).
-8
Let o(i) be the first derivative of 1 + i - 7/2*i**2 + 1/3*i**3. Let c = -28742 + 28748. What is o(c)?
-5
Let o(s) be the third derivative of s**4/24 + 4*s**3/3 + 11*s**2 + 30. Suppose -n = -5*v + 45, 2 = -2*v - 3*n + 3. Calculate o(v).
16
Suppose 296 - 1781 = 135*q. Let z(l) = -l**3 - 9*l**2 + 16*l + 1. Calculate z(q).
67
Let x(n) = 154*n + 152*n + 135*n - 572*n + 256 + 147*n. Give x(-16).
0
Let b(d) = 20*d - 1. Let l(m) = 3*m. Let i(q) = 2*b(q) - 10*l(q). Give i(-3).
-32
Let m be (-105 + 104)*(-22)/(-2). Let r(i) = -i**3 - 10*i**2 + 8*i + 6. Determine r(m).
39
Let w(z) be the second derivative of -1/12*z**4 + 3/2*z**2 + 2*z + 0 - z**3. Suppose -4*f - 14 = -p, 0 = -11*p + 15*p - 3*f + 9. Determine w(p).
3
Let f(r) be the third derivative of r**6/12 - r**5/15 - r**4/8 - 224*r**2 + 15. Give f(-2).
-90
Let x be (24 - (26 - -1))/((-4)/(-7) - 1). Let b(u) = u**2 - 9*u + 6. Let m(n) = 2*n**2 - 18*n + 11. Let g(s) = 7*b(s) - 3*m(s). Determine g(x).
-5
Let p(s) = -37*s**3 + 6*s**2 + 13*s - 15. Let u(b) = 83*b**3 - 11*b**2 - 26*b + 29. Let z(a) = -9*p(a) - 4*u(a). Let j be ((-1)/1)/((-1)/11). Calculate z(j).
-3
Let q(f) = -f**3 + 6*f**2 - 3*f - 6. Let s be (-9002)/15 + 642/90 + -7. Let j be ((-6)/18)/(4/s). Suppose 16*d - j = 6*d. Calculate q(d).
4
Let w(g) be the third derivative of -g**7/630 + g**6/720 - g**4/3 - 2*g**3/3 + 50*g**2 + 2. Let v(f) be the second derivative of w(f). Calculate v(1).
-3
Let w(y) be the first derivative of y**4/12 - 5*y**3/6 + y**2/2 + 60*y - 20. Let s(m) be the first derivative of w(m). What is s(5)?
1
Let x(w) = w**3 - 10*w**2 + 8*w + 41. Let d be 56/77*(25 + (-25 - -11)). Determine x(d).
-23
Let d(f) = -5*f - 4*f + 5*f + 2. Let v = 509 + -507. Suppose v*s - 7*q = -3*q - 28, -3*q + 7 = 2*s. Calculate d(s).
18
Let p(j) = -4*j + 6. Suppose 5*u + 5*m + 2825 = 0, -m - 3*m = -5*u - 2843. Let k = -567 - u. Calculate p(k).
6
Let v(j) be the first derivative of -1/2*j**2 - 38 - 9*j. What is v(-7)?
-2
Let z(o) be the first derivative of o**3/3 - 5*o**2 - 204*o - 7044. Determine z(-10).
-4
Suppose -307*d = -267*d + 40. Let h(x) = -23*x**3 + 2*x**2 - 2. Determine h(d).
23
Let x be 2*35/14 + 4. Suppose 8*c + 6 = x*c. Let s(v) be the third derivative of -v**6/120 + v**5/12 + v**4/6 + 5*v**3/6 + v**2. Calculate s(c).
-7
Let k be 52/(-9) + 44/(-198). Let n(g) = -g. Let q(t) = 5*t. Let s(i) = k*n(i) - q(i). Give s(8).
8
Let p(q) be the third derivative of -q**6/120 + q**5/60 + q**4/24 - 5*q**3/6 + 2005*q**2 - q. What is p(2)?
-7
Let t(v) be the first derivative of -v**4/4 + 8*v**3/3 - v**2 + 3*v + 1. Let y(c) = 3*c**3 + 102*c**2 + 273*c - 178. Let h be y(-31). What is t(h)?
-13
Let a be -3 - ((-24)/(-4) + -2). Let i be (((-3)/6)/(-1))/(a/(-126)). Let l be (((-24)/i)/4)/(2/12). Let r(y) = -y**2 - 4*y. Calculate r(l).
0
Let v(i) = -4*i + 40. Let g(b) = 2*b - 22. Let l(f) = -5*g(f) - 3*v(f). Calculate l(4).
-2
Let d(n) = -n**2 + 5*n. Suppose -3*w + 19 + 2 = 0. Let g(b) = w*b + b - 15 - 3*b. Let t be g(4). Give d(t).
0
Let j(u) = 26*u - 14. Let r(d) = 11*d - 7. Let p(h) = -2*j(h) + 5*r(h). Calculate p(4).
5
Let y(s) = -8*s**2 + s + 2. Let g = 346 + -344. Suppose 7*u - g*u - 4*d = 30, 5*d = 2*u - 29. Determine y(u).
-28
Let p(s) = 5*s + 219. Let v(q) = -6*q - 273. Let k(x) = 5*p(x) + 4*v(x). Calculate k(2).
5
Let s = 6 - 2. Let a(b) be the third derivative of b**6/360 - b**5/24 - b**4/2 + 16*b**2. Let l(q) be the second derivative of a(q). Give l(s).
3
Let s(t) = 11*t**3 - 8*t**2 + 2*t + 7. Let n(g) = -9*g**3 + 9*g**2 - 2*g - 7. Let c(y) = -5*n(y) - 4*s(y). Determine c(13).
33
Let y(k) = 7*k**2 - 3*k + 1. Let m = 7402 - 7405. Calculate y(m).
73
Suppose -4*k + 2*i + i = 0, 4*i = -3*k. Let z(x) be the third derivative of x**5/60 + 5*x**3 - 11*x**2. Give z(k).
30
Suppose 18*q - 17*q - 2 = 0. Let n(y) = 13*y**3 - 12*y**3 - 17*y**2 - 9*y + 10*y**q - 5. What is n(8)?
-13
Let o(l) = -3 + 2*l + 2*l - l - 1. Let x = 281 - 395. Let v = x - -117. Give o(v).
5
Suppose -4*o + 56 = -4*k, -o - 2*k + k = -6. Let j(y) = 4 - o*y + 3*y + 6*y + 2*y. Let p(v) = v + 4. Let i(s) = -6*j(s) + 5*p(s). Determine i(-5).
1
Let t(m) be the second derivative of m**5/20 - 7*m**4/6 + m**3/6 - 5*m**2 + 3*m - 28. Determine t(14).
4
Let b(k) = 10*k**3 + k**2 - k. Suppose -32*n = -38*n + 30. Let y = n + -4. Give b(y).
10
Let f(k) = k**2 + 21*k + 63. Suppose 2*c - 51 = 3*j, 17 = 2*j + 2*c + 51. Give f(j).
-5
Let g(v) be the first derivative of -176 + 10/3*v**3 - 4*v**2 - 1/4*v**4 - 11*v. Determine g(9).
-2
Suppose -4*c - 167 = t - 212, 30 = c + 4*t. Let m(p) = p**2 - 7*p + 4. Determine m(c).
34
Let c(p) = 3*p**2 - 7. Let a be c(3). Suppose 20 = 4*g, -3*j - a = -4*j - 3*g. Let i(w) = 6 + j*w - 4*w - 5. What is i(-3)?
-2
Let y(t) = 70395*t + 70412*t - 140842*t - t**2 - 301. Give y(-17).
5
Let u(c) = -172 - 170 - 2*c + 13*c + 117 + 2*c. Give u(17).
-4
Let i(u) = 66*u - 644. Let q be i(10). Let v(x) be the third derivative of x**4/24 - 17*x**3/6 - 12*x**2. What is v(q)?
-1
Let c(i) be the second derivative of -i**5/20 - 19*i**4/12 + 11*i**3/3 + 37*i**2/2 - i + 507. Give c(-20).
-3
Let g(j) = 1 + 169*j + 27 + 17 - 167*j. Determine g(-26).
-7
Let z(g) = 2*g**3 - 2*g**2 - 4*g + 1. Suppose 0 = 1075*j - 1037*j - 114. Determine z(j).
25
Let z = 12 - 17. Let i(f) = -f**3 - 27*f**2 - 49*f + 27. Let o be i(-25). Let m(b) = -225 - 4*b + 224 - b**2 - o*b. Determine m(z).
4
Let c(o) = -24*o. Suppose -10*j + 3 + 37 = 0. Suppose 4*f - 5*h = -14, j*f + h = f - 1. Give c(f).
24
Suppose -4*o = -6*o, -3*a - o = 213. Let u = a + 69. Let n(f) = -4*f - 3. Determine n(u).
5
Let v(a) = a**2 - 3*a - 4. Suppose 160*l + 1442 = 153*l. Let c = -203 - l. Give v(c).
-4
Suppose -4*c = -3*p + 7*p - 20, c - 13 = -5*p. Let z(v) be the third derivative of 12*v**2 + 1/2*v**3 - 5/24*v**4 + 0*v + 0. Calculate z(c).
-12
Let o = -33532 + 33527. Let z(d) = 2*d**3 + 4*d**2 - 12*d - 16. Give z(o).
-106
Let y(j) be the second derivative of j**3/6 + j. Let x(k) = 16*k**2 - 46*k**3 + 51*k**3 - 4*k**3 - 1. Let t be x(-16). Determine y(t).
-1
Let r(c) = 27*c**2 - 4*c - 67. Let u(s) be the first derivative of 5*s**3/3 - s**2/2 - 13*s - 129. Let w(m) = 2*r(m) - 11*u(m). What is w(7)?
-19
Suppose 219*l + 174*l = -2*l + 7900. Let n(m) = -m**3 + 20*m**2 - 5*m + 82. Determine n(l).
-18
Let z(f) = f**3 - 4*f**2 + f + 2. Suppose -88*m + 74*m = -56. Give z(m).
6
Let s(c) be the second derivative of -113*c**3/6 + 167*c**2 + 9056*c + 1. Calculate s(3).
-5
Let h(m) be the first derivative of -m**3/3 - 3*m**2 + 19. Let f be 1*(1 + -3 - 0). Determine h(f).
8
Let j(w) = -2*w**3 + 20*w**2 + 9*w - 87. Let c(z) = 147*z - 1019. Let a be c(7). Calculate j(a).
3
Let j(q) be the second derivative of q**3/3 + 7*q**2/2 - 2*q. Let p be 2/13 - (-936)/507. Suppose -4*b = p*r + 22, 5*r + 5*b = 2*r - 30. Determine j(r).
-3
Let j(k) = -1 + 1 - 2 + 1 - 232*k + 230*k. What is j(-2)?
3
Let b(p) = -2*p + 3. Let t(c) = -c - 19. Let q be t(-26). What is b(q)?
-11
Let f(m) be the second derivative of m**4/12 + 11*m**3/3 - 25*m**2/2 + 1607*m. Determine f(-23).
-2
Let o(r) = 19*r + 266. Let s be o(-14). Suppose s = -8*l + 108 - 60. Let x(u) = -u**3 + 5*u**2 + u - 2. Give x(l).
-32
Let w(a) be the third derivative of -a**5/60 + a**4/4 - a**3/2 - a**2. Let c(q) = 2*q**2 + 34*q + 65. Let l be c(-15). What is w(l)?
2
Let k(n) = n**3 - 3*n**2 - 4*n - 1. Let r be -3*(-2 - 12/3). Let c be (-3)/(-3) - (8 - r). Suppose 0 = -c*h + 3*h + 24. Give k(h).
-13
Let h(p) = -2*p**3 + p**2 - 2*p + 1. Let q(g) = -g**3 + 23*g**2 - 125*g - 13. Let u be q(14). What is h(u)?
-2
Suppose -7*k = -9*k + 4. Let c(s) = 5*s**3 - 4*s**3 - 12*s**2 - 2 + 5*s**2 + 10*s**k. Suppose 2*w = -3*w - 15. Calculate c(w).
-2
Let x(w) = -2*w**2 + 10*w + 36. Let v(r) = 211*r**2 - 632*r + 4. Let s be v(3). Calculate x(s).
8
Let u(b) = b**3 + 28*b**2 + 29*b + 63. Let m(r) = 10*r + 43. L